 of 10276 and 980?
28
Calculate the greatest common divisor of 360 and 73890.
90
Calculate the highest common factor of 1350 and 350.
50
What is the greatest common factor of 14874 and 5226?
402
Calculate the highest common divisor of 84320 and 3689.
527
What is the greatest common divisor of 62 and 598548?
62
What is the greatest common factor of 475 and 46975?
25
Calculate the highest common divisor of 5552 and 304.
16
Calculate the highest common factor of 72228 and 4.
4
Calculate the greatest common factor of 6 and 43964.
2
What is the greatest common divisor of 7525 and 32200?
175
Calculate the greatest common factor of 9232 and 16.
16
What is the highest common divisor of 17 and 3786257?
17
Calculate the highest common divisor of 102 and 353838.
102
What is the highest common factor of 37269 and 2424?
303
What is the greatest common divisor of 2 and 248877?
1
Calculate the greatest common factor of 15358 and 28.
14
What is the highest common factor of 281394 and 2?
2
What is the greatest common factor of 1719 and 6651?
9
What is the greatest common factor of 28 and 1106980?
28
Calculate the greatest common factor of 3856 and 944.
16
Calculate the highest common divisor of 24656 and 32.
16
What is the highest common factor of 11 and 2828694?
11
What is the highest common divisor of 2 and 390853?
1
Calculate the highest common factor of 209 and 52459.
209
Calculate the highest common divisor of 261 and 23337.
9
What is the highest common divisor of 582071 and 16970?
1697
Calculate the greatest common factor of 50145 and 3.
3
Calculate the greatest common divisor of 11556 and 70834.
214
Calculate the highest common factor of 26 and 131.
1
Calculate the highest common factor of 552 and 2011396.
92
What is the highest common factor of 822 and 10548?
6
Calculate the highest common divisor of 4656 and 9.
3
Calculate the highest common factor of 500 and 870850.
50
What is the highest common factor of 1298140 and 1880?
940
What is the highest common divisor of 37961 and 5742?
319
Calculate the greatest common divisor of 7 and 514.
1
What is the greatest common divisor of 532152 and 32?
8
Calculate the highest common divisor of 67662 and 27.
27
What is the highest common divisor of 585 and 29601?
117
Calculate the greatest common divisor of 38 and 27102.
2
Calculate the highest common factor of 13236 and 36.
12
What is the highest common divisor of 162 and 274338?
18
What is the highest common divisor of 224854 and 14?
14
What is the highest common divisor of 629166 and 342?
114
What is the highest common factor of 5712 and 1659?
21
Calculate the highest common divisor of 445 and 307495.
445
Calculate the greatest common factor of 112 and 2701552.
112
What is the greatest common factor of 2379 and 9089?
61
Calculate the greatest common divisor of 3163979 and 7.
7
Calculate the greatest common factor of 12 and 42776.
4
Calculate the greatest common factor of 1612 and 12493.
403
Calculate the greatest common divisor of 10999 and 119.
17
What is the greatest common divisor of 2223 and 1352?
13
Calculate the highest common divisor of 14769 and 135.
27
What is the highest common divisor of 330 and 33690?
30
What is the greatest common divisor of 1431252 and 1328?
332
What is the highest common factor of 54 and 115218?
18
What is the highest common divisor of 3292982 and 22?
22
Calculate the greatest common divisor of 736 and 343008.
32
Calculate the highest common factor of 2356704 and 441.
441
Calculate the highest common factor of 5734 and 549.
61
What is the highest common factor of 1695760 and 18612?
2068
Calculate the greatest common factor of 20250 and 8000.
250
What is the greatest common factor of 28103 and 62113?
179
What is the highest common divisor of 64 and 679312?
16
What is the greatest common factor of 344286 and 434?
62
What is the highest common factor of 181 and 2353?
181
What is the highest common factor of 5000 and 7900?
100
What is the greatest common divisor of 6 and 42738?
6
Calculate the greatest common divisor of 880 and 530970.
110
Calculate the greatest common factor of 770895 and 999.
333
What is the greatest common factor of 385 and 128810?
55
Calculate the greatest common divisor of 11002 and 2.
2
Calculate the highest common factor of 298267 and 5823.
647
What is the greatest common factor of 157206 and 5319?
591
Calculate the greatest common factor of 27669 and 276.
69
Calculate the highest common divisor of 525382 and 167.
167
What is the highest common divisor of 195548 and 7636?
332
What is the greatest common factor of 1096979 and 13?
13
What is the greatest common factor of 11193 and 168?
21
Calculate the greatest common factor of 623 and 1775550.
623
Calculate the highest common factor of 545 and 149221.
109
Calculate the greatest common divisor of 462 and 6369.
33
What is the greatest common divisor of 819 and 837?
9
What is the greatest common factor of 54908 and 74?
74
Calculate the greatest common divisor of 3978 and 3276.
234
Calculate the greatest common divisor of 22 and 1028159.
11
Calculate the greatest common factor of 6 and 74238.
6
Calculate the highest common divisor of 12804 and 24.
12
Calculate the greatest common factor of 279 and 1797.
3
What is the greatest common divisor of 445643 and 11803?
319
What is the highest common factor of 2439 and 542?
271
Calculate the greatest common divisor of 9264 and 672.
48
What is the greatest common factor of 4901224 and 248?
248
Calculate the highest common divisor of 18 and 757098.
18
What is the highest common factor of 20420 and 76?
4
Calculate the highest common divisor of 103335 and 4233.
249
Calculate the highest common factor of 749 and 1913695.
749
Calculate the highest common factor of 33611 and 361.
19
What is the greatest common divisor of 3524 and 163866?
1762
Calculate the highest common divisor of 775 and 129600.
25
Calculate the greatest common divisor of 15 and 2237.
1
Calculate the greatest common factor of 477166 and 433.
433
What is the highest common factor of 225 and 76080?
15
What is the highest common factor of 607929 and 21?
21
Calculate the highest common divisor of 151696 and 9272.
152
What is the highest common factor of 2525 and 26361?
101
Calculate the greatest common divisor of 820 and 970.
10
What is the greatest common divisor of 4058196 and 60?
12
What is the highest common factor of 12886021 and 103?
103
Calculate the highest common divisor of 48 and 1375656.
24
What is the greatest common divisor of 326146 and 1878?
626
Calculate the greatest common factor of 48057 and 1743.
249
What is the greatest common factor of 606 and 486?
6
Calculate the greatest common divisor of 49 and 329.
7
What is the greatest common divisor of 72 and 41424?
24
Calculate the greatest common factor of 29 and 9999229.
29
What is the greatest common factor of 312187 and 213?
71
What is the highest common divisor of 2759 and 155?
31
Calculate the highest common factor of 2848 and 1408.
32
Calculate the greatest common divisor of 103 and 522931.
103
What is the highest common divisor of 606396 and 3?
3
Calculate the greatest common factor of 9044 and 118636.
532
Calculate the greatest common factor of 29681 and 3283.
67
Calculate the highest common factor of 2439287 and 415.
83
Calculate the highest common divisor of 256 and 942272.
64
What is the greatest common divisor of 182542 and 428?
214
Calculate the greatest common divisor of 2482 and 81328.
34
What is the greatest common factor of 6447238 and 1484?
742
Calculate the greatest common factor of 2898 and 3082.
46
Calculate the greatest common divisor of 432 and 5157.
27
What is the highest common divisor of 10 and 366010?
10
Calculate the greatest common divisor of 14700 and 6015.
15
Calculate the greatest common factor of 373088 and 917.
131
What is the highest common divisor of 36 and 382056?
12
What is the highest common factor of 868610 and 10?
10
What is the highest common factor of 1240 and 4544?
8
Calculate the greatest common divisor of 3005209 and 17.
17
What is the highest common divisor of 75978 and 1008?
126
What is the highest common factor of 11 and 312807?
11
Calculate the highest common divisor of 946 and 5934.
86
Calculate the greatest common divisor of 450 and 8975.
25
What 